ultiple of 2870?
False
Does 59 divide 2628981?
True
Is 67625940 a multiple of 380?
True
Is 6 a factor of 366503805?
False
Is 70 a factor of 10066513?
False
Is 189264662 a multiple of 359?
False
Does 463 divide 512987795?
True
Is 7 a factor of 25035707?
False
Is 389928854 a multiple of 617?
False
Is 34545770 a multiple of 213?
False
Is 523 a factor of 18239958?
False
Does 10 divide 27214200?
True
Does 3959 divide 2340006540?
True
Is 117334042 a multiple of 376?
False
Is 3883878 a multiple of 3?
True
Does 1530 divide 159552990?
True
Is 2458 a factor of 880152088?
False
Does 19 divide 5852076?
True
Is 3710889 a multiple of 11?
False
Is 599408195 a multiple of 30?
False
Does 15107 divide 542160016?
True
Is 2522304 a multiple of 4?
True
Is 3272900778 a multiple of 17?
False
Does 30 divide 3553343?
False
Is 58086160 a multiple of 10?
True
Is 1221 a factor of 124112208?
True
Does 617 divide 631946649?
False
Is 782333 a multiple of 3?
False
Does 4309 divide 6662219860?
False
Does 890 divide 3664130?
True
Is 355 a factor of 90017350?
True
Does 21 divide 16639707?
True
Is 102103065 a multiple of 18?
False
Does 3 divide 8414107?
False
Is 9929008 a multiple of 54?
False
Is 24517029 even?
False
Does 8 divide 18236072?
True
Is 588898261 a multiple of 160?
False
Is 48 a factor of 29565600?
True
Is 297961363 a multiple of 14?
False
Is 57623940 a multiple of 436?
True
Does 14 divide 5125974?
True
Is 6016920 a multiple of 65?
True
Is 57849740 a multiple of 52?
True
Is 1357639988 a multiple of 29?
True
Is 322251592 a multiple of 8?
True
Is 17 a factor of 177545920?
False
Is 40952994 a multiple of 40?
False
Does 115 divide 22599645?
False
Is 15444840 a multiple of 85?
True
Is 87920629 a multiple of 23?
False
Does 4317 divide 740375605?
False
Does 12 divide 235130922?
False
Is 4326 a factor of 90598032?
False
Is 13 a factor of 90273017?
False
Is 39 a factor of 849057259?
False
Does 30 divide 283941300?
True
Is 316181772 a multiple of 23?
False
Is 12434681 a multiple of 56?
False
Does 9 divide 68310043?
False
Does 16 divide 1657451376?
True
Is 1098 a factor of 760382040?
False
Does 312 divide 854095320?
True
Does 441 divide 13222303?
False
Is 5 a factor of 17441480?
True
Is 1292 a factor of 121804592?
True
Is 4 a factor of 155949424?
True
Is 6 a factor of 8588358?
True
Is 2109051 a multiple of 31?
False
Does 15 divide 847319160?
True
Does 13 divide 128870543?
False
Is 389 a factor of 28212805?
False
Is 363318680 a multiple of 40?
True
Is 144278796 a multiple of 6?
True
Does 689 divide 1202633?
False
Is 1626621607 a multiple of 13?
True
Does 323 divide 12507852?
True
Does 22 divide 925662606?
True
Is 529 a factor of 123498073?
False
Is 1455 a factor of 86387401?
False
Is 31385912 a multiple of 223?
True
Does 118 divide 59070092?
True
Is 10592324 a multiple of 1237?
False
Is 593 a factor of 13435008?
True
Is 11 a factor of 491966187?
False
Is 7 a factor of 19823902?
True
Is 737746369 a multiple of 78?
False
Is 7 a factor of 126464009?
True
Is 105 a factor of 71023071?
False
Is 287 a factor of 247900335?
False
Does 33 divide 5181803266?
False
Is 69170708 a multiple of 20?
False
Is 181674792 a multiple of 194?
True
Does 2 divide 15086491?
False
Is 54326089 a multiple of 839?
True
Is 146 a factor of 6168979?
False
Is 487 a factor of 6573209?
False
Does 2259 divide 39471117?
False
Is 6 a factor of 3241572?
True
Is 30 a factor of 41373960?
True
Is 92746680 a multiple of 15?
True
Does 103 divide 5339108?
True
Is 46 a factor of 39043449?
False
Is 34487799 a multiple of 265?
False
Is 9181750 a multiple of 500?
False
Does 26 divide 26650052?
True
Is 1007059581 a multiple of 297?
True
Does 1036 divide 9468966?
False
Does 163 divide 430993344?
False
Does 16 divide 220043040?
True
Is 1770 a factor of 101994866?
False
Is 1888 a factor of 31644768?
True
Does 731 divide 30060913?
True
Does 14 divide 7083136?
False
Does 335 divide 1570480?
True
Is 196 a factor of 25638172?
True
Does 117 divide 1374814?
False
Is 33 a factor of 173290488?
False
Does 4125 divide 205941858?
False
Is 68 a factor of 578195?
False
Is 21 a factor of 45432244?
False
Does 61 divide 678793787?
True
Is 2858 a factor of 1080744177?
False
Is 319 a factor of 28894063?
True
Does 41 divide 95905175?
False
Does 483 divide 68168928?
False
Does 6 divide 62214702?
True
Is 433416853 a multiple of 4?
False
Does 2393 divide 1717844530?
False
Is 19950438 a multiple of 21?
False
Is 4525649156 a multiple of 2486?
False
Does 52 divide 7269286?
False
Is 851198500 a multiple of 25?
True
Is 10257243 a multiple of 223?
False
Does 23 divide 49723231?
False
Is 344200096 a multiple of 32?
True
Does 7 divide 681115729?
True
Is 218 a factor of 21428487?
False
Is 115 a factor of 1590702432?
False
Does 1741 divide 1016423656?
True
Is 2812125 a multiple of 7?
False
Does 80 divide 15817836?
False
Is 150600658 a multiple of 2?
True
Is 606095812 a multiple of 422?
True
Is 84 a factor of 339358740?
True
Is 6 a factor of 1395396036?
True
Is 56755335 a multiple of 7?
True
Is 144482791 a multiple of 31?
False
Is 46 a factor of 25292640?
True
Does 11 divide 40362273?
False
Does 16 divide 3167201142?
False
Is 75048556 a multiple of 56?
False
Does 540 divide 41569200?
True
Does 45 divide 7487800?
False
Is 106471112 a multiple of 88?
True
Does 524 divide 972173008?
True
Does 40 divide 52513727?
False
Does 545 divide 298630454?
False
Does 846 divide 2635119108?
True
Does 417 divide 340748215?
False
Is 41581821 a multiple of 103?
True
Is 551 a factor of 206137084?
False
Is 126 a factor of 31120488?
True
Does 8 divide 13886630?
False
Is 2 a factor of 26221333?
False
Does 52 divide 22867148?
False
Is 1093 a factor of 325361652?
False
Does 55 divide 104752673?
False
Does 237 divide 10517043?
False
Is 63 a factor of 1804498291?
False
Is 8604 a factor of 3321556992?
True
Is 17056965 a multiple of 617?
True
Is 32 a factor of 13811008?
True
Does 62 divide 227825814?
False
Does 128 divide 2236985856?
True
Is 1193 a factor of 6144199?
False
Is 256 a factor of 114099470?
False
Does 634 divide 17039098?
False
Is 11876 a factor of 4918552284?
True
Does 13 divide 146189396?
False
Does 80 divide 115352560?
True
Is 11934240 a multiple of 120?
True
Is 226 a factor of 36703078?
True
Is 103 a factor of 40226884?
False
Is 4 a factor of 109311091?
False
Is 463 a factor of 180341741?
True
Is 8180 a factor of 1014606300?
True
Does 2 divide 99595771?
False
Is 867663000 a multiple of 1500?
True
Is 614146644 a multiple of 23?
True
Is 49 a factor of 472404424?
False
Is 90 a factor of 577625850?
True
Is 179067180 a multiple of 47?
True
Is 106421376 a multiple of 16?
True
Is 49 a factor of 1874201?
True
Is 7 a factor of 96131888?
False
Does 25 divide 390106925?
True
Does 29 divide 4888746688?
True
Is 10966 a factor of 2097366510?
False
Does 54 divide 43606566?
True
Is 11410470 a multiple of 7?
False
Is 38 a factor of 28462195?
False
Is 334872078 a multiple of 142?
False
Is 4831 a factor of 96644155?
True
Is 72 a factor of 54905400?
True
Does 15 divide 179594505?
True
Does 932 divide 69465688?
True
Does 1490 divide 3249101735?
False
Does 27 divide 10736604?
True
Is 9 a factor of 1501944?
False
Does 6 divide 13518750?
True
Is 494 a factor of 248539304?
True
Is 14140929 a multiple of 31?
True
Does 246 divide 129924029?
False
Does 26 divide 7174570?
True
Is 5 a factor of 546796790?
True
Is 204276250 a multiple of 74?
False
Is 1704 a factor of 114979104?
True
Does 10 divide 12462500?
True
Is 105 a factor of 926243252?
False
Is 28 a factor of 278957074?
False
Does 426 divide 490887546?
False
Is 5 a factor of 58642743?
False
Does 688 divide 67906976?
True
Does 41 divide 25305936?
False
Is 56 a factor of 466036499?
False
Does 174 divide 235551633?
False
Does 113 divide 843066?
False
Is 1499 a factor of 385216180?
False
Is 127 a factor of 286916543?
False
Is 301472848 a multiple of 113?
False
Does 1443 divide 195444249?
True
Is 4027331 a multiple of 11?
True
Does 260 divide 20740421?
False
Is 276 a factor of 35952036?
True
Does 184 divide 135051778?
False
Is 5041685549 a multiple of 14?
False
Is 192574053 a multiple of 177?
True
Is 1671856179 a multiple of 1077?
True
Is 155 a factor of 56584610?
True
Is 71 a factor of 51173892?
False
Is 19 a factor of 94269793?
False
Does 2390 divid